{"id":6193,"date":"2018-04-02T12:40:26","date_gmt":"2018-04-02T12:40:26","guid":{"rendered":"https:\/\/franceblues.com\/?page_id=6193"},"modified":"2018-04-02T12:40:26","modified_gmt":"2018-04-02T12:40:26","slug":"herve-joachim","status":"publish","type":"page","link":"https:\/\/franceblues.com\/?page_id=6193","title":{"rendered":"Herv\u00e9 Joachim"},"content":{"rendered":"<p style=\"text-align: justify;\"><img fetchpriority=\"high\" decoding=\"async\" class=\"alignleft size-full wp-image-6196\" src=\"https:\/\/franceblues.com\/wordpress\/wp-content\/uploads\/2018\/04\/hervejoachim.jpg\" alt=\"hervejoachim\" width=\"250\" height=\"362\" srcset=\"https:\/\/franceblues.com\/wordpress\/wp-content\/uploads\/2018\/04\/hervejoachim.jpg 250w, https:\/\/franceblues.com\/wordpress\/wp-content\/uploads\/2018\/04\/hervejoachim-207x300.jpg 207w\" sizes=\"(max-width: 250px) 100vw, 250px\" \/>Co-fondateur et chanteur du groupe <a href=\"http:\/\/www.bluespower-band.com\" target=\"_blank\">Blues Power Band<\/a>, formation de blues-rock qui, pendant plus de vingt ans, a rempli les bacs des magasins de disques, aliment\u00e9 les chroniques de presse et furieusement sillonn\u00e9 les clubs et les festivals en France et \u00e0 l&rsquo;\u00e9tranger. Aujourd&rsquo;hui, les fauves se sont un peu calm\u00e9s, et le coeur bat d\u00e9sormais de mani\u00e8re plus r\u00e9guli\u00e8re, mais le plaisir de rugir avec le band reste intact.<\/p>\n<p style=\"text-align: justify;\">Avec beaucoup d&rsquo;autres, j&rsquo;ai longtemps souhait\u00e9 que, dans un environnement devenu compliqu\u00e9 pour les artistes, les acteurs du blues en France s&rsquo;organisent et s&rsquo;entraident. France Blues r\u00e9pond \u00e0 ce besoin. Il s&rsquo;agit d&rsquo;un challenge difficile compte-tenu de la diversit\u00e9 des situations et des attentes : artistes d\u00e9butants, en d\u00e9veloppement ou confirm\u00e9s, francophones ou anglophones, vivant de la musique ou pas. Si le travail de France Blues r\u00e9clame beaucoup de t\u00e9nacit\u00e9, je peux t\u00e9moigner de l&rsquo;implication de ses responsables et du soutien qu&rsquo;ils apportent \u00e0 de nombreux artistes \u00e0 des moments-cl\u00e9s de leur parcours. C&rsquo;est donc avec grand plaisir que j&rsquo;ai r\u00e9pondu pr\u00e9sent lorsque l&rsquo;on m&rsquo;a sollicit\u00e9, en tant qu&rsquo;artiste, et \u00e0 hauteur de mes comp\u00e9tences et de mon temps, pour donner un coup de main au CA de l&rsquo;association.<\/p>\n<p style=\"text-align: justify;\">Au-del\u00e0 des chapelles, j&rsquo;aime que les artistes de la \u00ab\u00a0famille blues\u00a0\u00bb soient valoris\u00e9s \u00e0 raison de leur talent en mati\u00e8re de cr\u00e9ation ou d&rsquo;interpr\u00e9tation, du soin qu&rsquo;ils apportent \u00e0 leur d\u00e9marche artistique et de l&rsquo;esprit g\u00e9n\u00e9reux et humaniste qu&rsquo;ils transmettent.<\/p>\n<h4 style=\"text-align: justify;\">Postes occup\u00e9s dans France Blues : relations artistes, communication<\/h4>\n","protected":false},"excerpt":{"rendered":"<p>Co-fondateur et chanteur du groupe Blues Power Band, formation de blues-rock qui, pendant plus de vingt ans, a rempli les bacs des magasins de disques, aliment\u00e9 les chroniques de presse et furieusement sillonn\u00e9 les clubs et les festivals en France et \u00e0 l&rsquo;\u00e9tranger. Aujourd&rsquo;hui, les fauves se sont un peu calm\u00e9s, et le coeur bat [&hellip;]<\/p>\n","protected":false},"author":2,"featured_media":0,"parent":0,"menu_order":0,"comment_status":"open","ping_status":"open","template":"","meta":{"footnotes":""},"class_list":["post-6193","page","type-page","status-publish","hentry"],"_links":{"self":[{"href":"https:\/\/franceblues.com\/index.php?rest_route=\/wp\/v2\/pages\/6193","targetHints":{"allow":["GET"]}}],"collection":[{"href":"https:\/\/franceblues.com\/index.php?rest_route=\/wp\/v2\/pages"}],"about":[{"href":"https:\/\/franceblues.com\/index.php?rest_route=\/wp\/v2\/types\/page"}],"author":[{"embeddable":true,"href":"https:\/\/franceblues.com\/index.php?rest_route=\/wp\/v2\/users\/2"}],"replies":[{"embeddable":true,"href":"https:\/\/franceblues.com\/index.php?rest_route=%2Fwp%2Fv2%2Fcomments&post=6193"}],"version-history":[{"count":3,"href":"https:\/\/franceblues.com\/index.php?rest_route=\/wp\/v2\/pages\/6193\/revisions"}],"predecessor-version":[{"id":6197,"href":"https:\/\/franceblues.com\/index.php?rest_route=\/wp\/v2\/pages\/6193\/revisions\/6197"}],"wp:attachment":[{"href":"https:\/\/franceblues.com\/index.php?rest_route=%2Fwp%2Fv2%2Fmedia&parent=6193"}],"curies":[{"name":"wp","href":"https:\/\/api.w.org\/{rel}","templated":true}]}}