{"id":58,"date":"2011-01-30T09:47:13","date_gmt":"2011-01-30T09:47:13","guid":{"rendered":"https:\/\/franceblues.com\/wordpress\/?page_id=58"},"modified":"2011-02-01T22:06:59","modified_gmt":"2011-02-01T22:06:59","slug":"membres-fondateurs","status":"publish","type":"page","link":"https:\/\/franceblues.com\/?page_id=58","title":{"rendered":"Membres Fondateurs"},"content":{"rendered":"<p>Jean Guillermo : pr\u00e9sident \u2013\u00a0president_chez_franceblues.com \u2013 www.franceblues.com<\/p>\n<p>Nathalie Harrap : vice-pr\u00e9sidente \u2013 vicepresident_chez_franceblues.com<\/p>\n<p>Francois Pfeiffer : secr\u00e9taire g\u00e9n\u00e9ral \u2013 secretaire_chez_franceblues.com<\/p>\n<p>Fred Delforge : tr\u00e9sorier \u2013 tresorier_chez_franceblues.com<\/p>\n<p>Fran\u00e7oise Bourdon<br \/>\nFran\u00e7ois\u00a0 Dujardin<br \/>\nClaudie Dujardin<br \/>\nJean-Marie Alexandre<br \/>\nFran\u00e7ois Berton<br \/>\nMike L\u00e9cuyer<br \/>\nMireille Martin<br \/>\nEtienne Mortini<br \/>\nSebastian Danchin<br \/>\nBob Swaim<\/p>\n","protected":false},"excerpt":{"rendered":"<p>Jean Guillermo : pr\u00e9sident \u2013\u00a0president_chez_franceblues.com \u2013 www.franceblues.com Nathalie Harrap : vice-pr\u00e9sidente \u2013 vicepresident_chez_franceblues.com Francois Pfeiffer : secr\u00e9taire g\u00e9n\u00e9ral \u2013 secretaire_chez_franceblues.com Fred Delforge : tr\u00e9sorier \u2013 tresorier_chez_franceblues.com Fran\u00e7oise Bourdon Fran\u00e7ois\u00a0 Dujardin Claudie Dujardin Jean-Marie Alexandre Fran\u00e7ois Berton Mike L\u00e9cuyer Mireille Martin Etienne Mortini Sebastian Danchin Bob Swaim<\/p>\n","protected":false},"author":1,"featured_media":0,"parent":0,"menu_order":0,"comment_status":"open","ping_status":"open","template":"","meta":{"footnotes":""},"class_list":["post-58","page","type-page","status-publish","hentry"],"_links":{"self":[{"href":"https:\/\/franceblues.com\/index.php?rest_route=\/wp\/v2\/pages\/58","targetHints":{"allow":["GET"]}}],"collection":[{"href":"https:\/\/franceblues.com\/index.php?rest_route=\/wp\/v2\/pages"}],"about":[{"href":"https:\/\/franceblues.com\/index.php?rest_route=\/wp\/v2\/types\/page"}],"author":[{"embeddable":true,"href":"https:\/\/franceblues.com\/index.php?rest_route=\/wp\/v2\/users\/1"}],"replies":[{"embeddable":true,"href":"https:\/\/franceblues.com\/index.php?rest_route=%2Fwp%2Fv2%2Fcomments&post=58"}],"version-history":[{"count":7,"href":"https:\/\/franceblues.com\/index.php?rest_route=\/wp\/v2\/pages\/58\/revisions"}],"predecessor-version":[{"id":60,"href":"https:\/\/franceblues.com\/index.php?rest_route=\/wp\/v2\/pages\/58\/revisions\/60"}],"wp:attachment":[{"href":"https:\/\/franceblues.com\/index.php?rest_route=%2Fwp%2Fv2%2Fmedia&parent=58"}],"curies":[{"name":"wp","href":"https:\/\/api.w.org\/{rel}","templated":true}]}}